7882230?
2, 3, 5, 262741
List the prime factors of 844307.
23, 36709
List the prime factors of 5596747.
13, 53, 8123
What are the prime factors of 2002749?
3, 7, 95369
What are the prime factors of 4672051?
61, 191, 401
List the prime factors of 24202497.
3, 11, 733409
List the prime factors of 1823176.
2, 349, 653
What are the prime factors of 285162?
2, 3, 47527
What are the prime factors of 5067201?
3, 1689067
What are the prime factors of 3397280?
2, 5, 17, 1249
What are the prime factors of 881797?
7, 23, 5477
List the prime factors of 3815805.
3, 5, 7, 36341
What are the prime factors of 11129796?
2, 3, 101, 3061
List the prime factors of 2391190.
2, 5, 239119
What are the prime factors of 505671?
3, 73, 2309
What are the prime factors of 73111?
113, 647
What are the prime factors of 6361076?
2, 31, 43, 1193
What are the prime factors of 2888304?
2, 3, 19, 3167
What are the prime factors of 3381774?
2, 3, 11, 51239
List the prime factors of 4809047.
23, 209089
List the prime factors of 873975.
3, 5, 43, 271
List the prime factors of 9976831.
47, 79, 2687
What are the prime factors of 944127?
3, 23, 4561
List the prime factors of 39511.
39511
List the prime factors of 271814.
2, 19, 23, 311
List the prime factors of 321865.
5, 64373
List the prime factors of 1450003.
43, 33721
What are the prime factors of 177578?
2, 88789
What are the prime factors of 4448191?
11, 404381
List the prime factors of 258015.
3, 5, 103, 167
What are the prime factors of 169828?
2, 42457
List the prime factors of 1373480.
2, 5, 34337
List the prime factors of 8786856.
2, 3, 13, 28163
What are the prime factors of 8588268?
2, 3, 13, 2039
What are the prime factors of 122345?
5, 24469
What are the prime factors of 839042?
2, 443, 947
What are the prime factors of 323794?
2, 23, 7039
What are the prime factors of 71891?
29, 37, 67
List the prime factors of 357374.
2, 17, 23, 457
List the prime factors of 619539.
3, 97, 2129
What are the prime factors of 1834035?
3, 5, 7, 17467
What are the prime factors of 5563750?
2, 5, 4451
What are the prime factors of 542766?
2, 3, 7, 12923
What are the prime factors of 18199?
18199
List the prime factors of 4649428.
2, 7, 47, 3533
What are the prime factors of 9837939?
3, 1109, 2957
What are the prime factors of 186689?
186689
What are the prime factors of 830118?
2, 3, 31, 4463
What are the prime factors of 501936?
2, 3, 10457
List the prime factors of 600871.
337, 1783
What are the prime factors of 399942?
2, 3, 17, 1307
What are the prime factors of 32177?
23, 1399
List the prime factors of 399678.
2, 3, 29, 2297
List the prime factors of 1929817.
397, 4861
What are the prime factors of 25621559?
103, 248753
What are the prime factors of 8388321?
3, 31, 90197
List the prime factors of 1420504.
2, 37, 4799
What are the prime factors of 128101?
53, 2417
List the prime factors of 19448.
2, 11, 13, 17
What are the prime factors of 526555?
5, 53, 1987
What are the prime factors of 86199?
3, 59, 487
What are the prime factors of 345308?
2, 173, 499
What are the prime factors of 3693714?
2, 3, 19, 32401
List the prime factors of 6373782.
2, 3, 118033
What are the prime factors of 24677?
24677
What are the prime factors of 786260?
2, 5, 39313
What are the prime factors of 222592?
2, 37, 47
List the prime factors of 224293.
211, 1063
What are the prime factors of 144279?
3, 17, 23, 41
What are the prime factors of 24847?
24847
List the prime factors of 29924.
2, 7481
What are the prime factors of 533874?
2, 3, 11, 8089
List the prime factors of 219671.
107, 2053
List the prime factors of 2962658.
2, 17, 79, 1103
What are the prime factors of 1371226?
2, 685613
What are the prime factors of 9091?
9091
List the prime factors of 9659365.
5, 941, 2053
What are the prime factors of 7917151?
11, 59, 1109
List the prime factors of 1091988.
2, 3, 10111
What are the prime factors of 24109134?
2, 3, 7, 31, 18517
List the prime factors of 27555441.
3, 223, 41189
List the prime factors of 508388.
2, 149, 853
What are the prime factors of 8413992?
2, 3, 137, 853
List the prime factors of 15924554.
2, 7962277
What are the prime factors of 112442?
2, 11, 19, 269
List the prime factors of 6076668.
2, 3, 13, 38953
What are the prime factors of 4631633?
17, 272449
What are the prime factors of 9768522?
2, 3, 1069, 1523
What are the prime factors of 947040?
2, 3, 5, 1973
List the prime factors of 226849.
7, 23, 1409
List the prime factors of 11058.
2, 3, 19, 97
List the prime factors of 456845.
5, 91369
List the prime factors of 8795391.
3, 11, 311, 857
List the prime factors of 1146936.
2, 3, 7, 6827
List the prime factors of 289766.
2, 144883
List the prime factors of 1813270.
2, 5, 179, 1013
List the prime factors of 3593570.
2, 5, 359357
What are the prime factors of 268529?
268529
List the prime factors of 104031.
3, 3853
What are the prime factors of 910598?
2, 13, 35023
What are the prime factors of 328820?
2, 5, 41, 401
List the prime factors of 1215228.
2, 3, 7, 17, 23, 37
List the prime factors of 349616.
2, 21851
What are the prime factors of 246222?
2, 3, 13679
What are the prime factors of 87679?
87679
What are the prime factors of 1279104?
2, 3, 3331
List the prime factors of 4255325.
5, 170213
What are the prime factors of 251355?
3, 5, 13, 1289
What are the prime factors of 500689?
7, 71527
List the prime factors of 18578.
2, 7, 1327
List the prime factors of 5010784.
2, 17, 61, 151
What are the prime factors of 1133387?
1133387
What are the prime factors of 189503?
31, 6113
What are the prime factors of 59161?
67, 883
List the prime factors of 18768821.
97, 193493
What are the prime factors of 61240?
2, 5, 1531
List the prime factors of 5834833.
41, 61, 2333
What are the prime factors of 3269741?
641, 5101
List the prime factors of 31104134.
2, 15552067
List the prime factors of 250629.
3, 19, 4397
What are the prime factors of 38354586?
2, 3, 1933, 3307
What are the prime factors of 1103496?
2, 3, 45979
What are the prime factors of 16801934?
2, 8400967
List the prime factors of 1834468.
2, 89, 5153
List the prime factors of 2450038.
2, 1225019
What are the prime factors of 188968?
2, 13, 23, 79
List the prime factors of 366571.
17, 21563
List the prime factors of 239161.
13, 18397
What are the prime factors of 313042?
2, 156521
List the prime factors of 3084787.
113, 27299
List the prime factors of 1788653.
1788653
List the prime factors of 743023.
47, 15809
What are the prime factors of 7654498?
2, 3827249
What are the prime factors of 1519962?
2, 3, 19, 67, 199
What are the prime factors of 2645438?
2, 17, 29, 2683
What are the prime factors of 357435?
3, 5, 13, 47
List the prime factors of 2152813.
13, 165601
What are the prime factors of 879866?
2, 13, 43, 787
What are the prime factors of 198932?
2, 41, 1213
List the prime factors of 339347.
439, 773
List the prime factors of 489957.
3, 13, 17, 739
What are the prime factors of 85237?
85237
List the prime factors of 585216.
2, 3, 127
What are the prime factors of 711338?
2, 355669
What are the prime factors of 341373?
3, 19, 53, 113
List the prime factors of 24706487.
13, 1900499
List the prime factors of 27520.
2, 5, 43
What are the prime factors of 416582?
2, 208291
List the prime factors of 6927838.
2, 3463919
List the prime factors of 6274601.
6274601
What are the prime factors of 1111410?
2, 3, 5, 53, 233
What are the prime factors of 21782243?
7, 31, 100379
What are the prime factors of 7139590?
2, 5, 59, 12101
What are the prime factors of 41089007?
41089007
List the prime factors of 6861751.
13, 23, 53, 433
List the prime factors of 274639.
193, 1423
What are the prime factors of 1249665?
3, 5, 83311
List the prime factors of 56360.
2, 5, 1409
List the prime factors of 368426.
2, 41, 4493
What are the prime factors of 4719424?
2, 37, 1993
List the prime factors of 7170473.
241, 29753
List the prime factors of 194446.
2, 7, 17, 19, 43
What are the prime factors of 317658?
2, 3, 11, 4813
What are the prime factors of 28503983?
53, 537811
List the prime factors of 1369373.
1369373
List the prime factors of 4710135.
3, 5, 101, 3109
What are the prime factors of 1738778?
2, 37, 23497
What are the prime factors of 1070871?
3, 491, 727
What are the prime factors of 7613